{"id":190,"date":"2017-09-19T17:56:07","date_gmt":"2017-09-19T15:56:07","guid":{"rendered":"http:\/\/l-c-consulting.fr\/?page_id=190"},"modified":"2024-10-23T13:25:01","modified_gmt":"2024-10-23T11:25:01","slug":"ressources-humaines","status":"publish","type":"page","link":"https:\/\/www.l-c-consulting.fr\/index.php\/ressources-humaines\/","title":{"rendered":"Les RH"},"content":{"rendered":"\n<p>G\u00e9rer une entreprise commence par g\u00e9rer l&rsquo;humain.<\/p>\n\n\n\n<p>Nous accompagnons nos clients dans toutes les missions relatives \u00e0 la gestion des ressources humaines:<\/p>\n\n\n\n<ul class=\"wp-block-list\">\n<li>Elaboration de fiches de poste,<\/li>\n\n\n\n<li>Pr\u00e9paration et r\u00e9alisation des entretiens professionnels et de progr\u00e8s,<\/li>\n\n\n\n<li>Utilisation CRM,<\/li>\n\n\n\n<li>Cr\u00e9ation des outils de reporting,<\/li>\n\n\n\n<li>Aide au recrutement,<\/li>\n\n\n\n<li>Aide au management.<\/li>\n<\/ul>\n\n\n\n<p><\/p>\n","protected":false},"excerpt":{"rendered":"<p>G\u00e9rer une entreprise commence par g\u00e9rer l&rsquo;humain. Nous accompagnons nos clients dans toutes les missions relatives \u00e0 la gestion des ressources humaines:<\/p>\n","protected":false},"author":1,"featured_media":45,"parent":0,"menu_order":0,"comment_status":"closed","ping_status":"closed","template":"","meta":{"footnotes":""},"class_list":["post-190","page","type-page","status-publish","has-post-thumbnail","hentry"],"_links":{"self":[{"href":"https:\/\/www.l-c-consulting.fr\/index.php\/wp-json\/wp\/v2\/pages\/190","targetHints":{"allow":["GET"]}}],"collection":[{"href":"https:\/\/www.l-c-consulting.fr\/index.php\/wp-json\/wp\/v2\/pages"}],"about":[{"href":"https:\/\/www.l-c-consulting.fr\/index.php\/wp-json\/wp\/v2\/types\/page"}],"author":[{"embeddable":true,"href":"https:\/\/www.l-c-consulting.fr\/index.php\/wp-json\/wp\/v2\/users\/1"}],"replies":[{"embeddable":true,"href":"https:\/\/www.l-c-consulting.fr\/index.php\/wp-json\/wp\/v2\/comments?post=190"}],"version-history":[{"count":9,"href":"https:\/\/www.l-c-consulting.fr\/index.php\/wp-json\/wp\/v2\/pages\/190\/revisions"}],"predecessor-version":[{"id":544,"href":"https:\/\/www.l-c-consulting.fr\/index.php\/wp-json\/wp\/v2\/pages\/190\/revisions\/544"}],"wp:featuredmedia":[{"embeddable":true,"href":"https:\/\/www.l-c-consulting.fr\/index.php\/wp-json\/wp\/v2\/media\/45"}],"wp:attachment":[{"href":"https:\/\/www.l-c-consulting.fr\/index.php\/wp-json\/wp\/v2\/media?parent=190"}],"curies":[{"name":"wp","href":"https:\/\/api.w.org\/{rel}","templated":true}]}}